{"id":1045,"date":"2024-08-09T10:01:09","date_gmt":"2024-08-09T13:01:09","guid":{"rendered":"https:\/\/cafqi2025.uncoma.edu.ar\/?page_id=1045"},"modified":"2024-09-03T09:53:38","modified_gmt":"2024-09-03T12:53:38","slug":"premios","status":"publish","type":"page","link":"https:\/\/cafqi2025.uncoma.edu.ar\/index.php\/premios\/","title":{"rendered":"Premios"},"content":{"rendered":"\t\t<div data-elementor-type=\"wp-page\" data-elementor-id=\"1045\" class=\"elementor elementor-1045\" data-elementor-post-type=\"page\">\n\t\t\t\t<div class=\"elementor-element elementor-element-6879475 e-flex e-con-boxed e-con e-parent\" data-id=\"6879475\" data-element_type=\"container\" data-e-type=\"container\">\n\t\t\t\t\t<div class=\"e-con-inner\">\n\t\t\t\t<div class=\"elementor-element elementor-element-5a1b772 elementor-widget elementor-widget-heading\" data-id=\"5a1b772\" data-element_type=\"widget\" data-e-type=\"widget\" data-widget_type=\"heading.default\">\n\t\t\t\t<div class=\"elementor-widget-container\">\n\t\t\t\t\t<h5 class=\"elementor-heading-title elementor-size-default\">Premio \u201cMEJORES PRESENTACIONES EN CAFQI POR J\u00d3VENES INVESTIGADORES\u201d\n<\/h5>\t\t\t\t<\/div>\n\t\t\t\t<\/div>\n\t\t\t\t<div class=\"elementor-element elementor-element-f6d6641 elementor-widget elementor-widget-text-editor\" data-id=\"f6d6641\" data-element_type=\"widget\" data-e-type=\"widget\" data-widget_type=\"text-editor.default\">\n\t\t\t\t<div class=\"elementor-widget-container\">\n\t\t\t\t\t\t\t\t\t<p><span style=\"font-weight: 400;\">Se podr\u00e1 postular al Premio <\/span><span style=\"font-weight: 400;\">en el <a href=\"https:\/\/cafqi2025.uncoma.edu.ar\/index.php\/inscripcion\/\">formulario de inscripci\u00f3n<\/a><\/span><span style=\"font-weight: 400;\">.<\/span><\/p>\t\t\t\t\t\t\t\t<\/div>\n\t\t\t\t<\/div>\n\t\t\t\t\t<\/div>\n\t\t\t\t<\/div>\n\t\t<div class=\"elementor-element elementor-element-cac5535 e-flex e-con-boxed e-con e-parent\" data-id=\"cac5535\" data-element_type=\"container\" data-e-type=\"container\">\n\t\t\t\t\t<div class=\"e-con-inner\">\n\t\t\t\t<div class=\"elementor-element elementor-element-31c9203 elementor-widget elementor-widget-heading\" data-id=\"31c9203\" data-element_type=\"widget\" data-e-type=\"widget\" data-widget_type=\"heading.default\">\n\t\t\t\t<div class=\"elementor-widget-container\">\n\t\t\t\t\t<h4 class=\"elementor-heading-title elementor-size-default\">Convocatoria<\/h4>\t\t\t\t<\/div>\n\t\t\t\t<\/div>\n\t\t\t\t<div class=\"elementor-element elementor-element-b274d29 elementor-widget elementor-widget-text-editor\" data-id=\"b274d29\" data-element_type=\"widget\" data-e-type=\"widget\" data-widget_type=\"text-editor.default\">\n\t\t\t\t<div class=\"elementor-widget-container\">\n\t\t\t\t\t\t\t\t\t<p><span style=\"font-weight: 400;\">La realizaci\u00f3n del Congreso Argentino de Fisicoqu\u00edmica y Qu\u00edmica Inorg\u00e1nica persigue, entre otros objetivos, promover la participaci\u00f3n de j\u00f3venes investigadores en todas las disciplinas vinculadas con la Fisicoqu\u00edmica y la Qu\u00edmica Inorg\u00e1nica. <\/span><\/p><p><span style=\"font-weight: 400;\">Por ello, para incentivar y reconocer la actividad que ellos realizan, la AAIFQ concede premios y menciones a los mejores trabajos presentados en cada una de las secciones del congreso.<\/span><\/p><p><span style=\"font-weight: 400;\">El mismo consiste en un DIPLOMA y la EXENCI\u00d3N DEL PAGO DE LA CUOTA SOCIETARIA A LA AAIFQ por un per\u00edodo de dos a\u00f1os, a los estudiantes de posgrado autores de los mejores trabajos que a criterio del jurado presente cada secci\u00f3n del congreso. <\/span><\/p><p><span style=\"font-weight: 400;\">Este premio se entregar\u00e1 en el pr\u00f3ximo Congreso Argentino de Fisicoqu\u00edmica y Qu\u00edmica Inorg\u00e1nica, a realizarse de manera virtual en abril de 2025. <\/span><\/p><p><span style=\"font-weight: 400;\">Ser\u00e1n considerados postulantes al premio todos aquellos participantes que <\/span><span style=\"font-weight: 400;\">hayan<\/span><span style=\"font-weight: 400;\"> manifestado en el formulario de inscripci\u00f3n su deseo de participar <\/span><span style=\"font-weight: 400;\">y cumplan<\/span><span style=\"font-weight: 400;\"> todos los requisitos establecidos en el item 2 del reglamento <\/span><span style=\"font-weight: 400;\">de la aaiFQ (<a href=\"https:\/\/aaifq.org\/premios\/premio-mejores-posters\/\">https:\/\/aaifq.org\/premios\/premio-mejores-posters\/<\/a>)<\/span><span style=\"font-weight: 400;\">, que se cita a continuaci\u00f3n:<\/span><\/p>\t\t\t\t\t\t\t\t<\/div>\n\t\t\t\t<\/div>\n\t\t\t\t\t<\/div>\n\t\t\t\t<\/div>\n\t\t<div class=\"elementor-element elementor-element-eed463c e-flex e-con-boxed e-con e-parent\" data-id=\"eed463c\" data-element_type=\"container\" data-e-type=\"container\">\n\t\t\t\t\t<div class=\"e-con-inner\">\n\t\t\t\t<div class=\"elementor-element elementor-element-f4fb638 elementor-widget elementor-widget-heading\" data-id=\"f4fb638\" data-element_type=\"widget\" data-e-type=\"widget\" data-widget_type=\"heading.default\">\n\t\t\t\t<div class=\"elementor-widget-container\">\n\t\t\t\t\t<h6 class=\"elementor-heading-title elementor-size-default\">\"2. Requisitos\"\n<\/h6>\t\t\t\t<\/div>\n\t\t\t\t<\/div>\n\t\t\t\t<div class=\"elementor-element elementor-element-20c4c87 elementor-widget elementor-widget-text-editor\" data-id=\"20c4c87\" data-element_type=\"widget\" data-e-type=\"widget\" data-widget_type=\"text-editor.default\">\n\t\t\t\t<div class=\"elementor-widget-container\">\n\t\t\t\t\t\t\t\t\t<p><i><span style=\"font-weight: 400;\">2.1- Podr\u00e1 participar cualquier estudiante que est\u00e9 realizando su tesis de posgrado a la fecha del congreso y que siendo primer autor est\u00e9 a cargo de la presentaci\u00f3n del trabajo (primer autor subrayado en el resumen). El ganador deber\u00e1 acreditar su condici\u00f3n de estudiante de posgrado.<\/span><\/i><\/p><p><i><span style=\"font-weight: 400;\">2.2. Los premiados quedar\u00e1n autom\u00e1ticamente inhibidos para postularse al premio en futuras ediciones del CAFQI.\u201d<\/span><\/i><\/p>\t\t\t\t\t\t\t\t<\/div>\n\t\t\t\t<\/div>\n\t\t\t\t\t<\/div>\n\t\t\t\t<\/div>\n\t\t<div class=\"elementor-element elementor-element-885db03 e-flex e-con-boxed e-con e-parent\" data-id=\"885db03\" data-element_type=\"container\" data-e-type=\"container\">\n\t\t\t\t\t<div class=\"e-con-inner\">\n\t\t\t\t<div class=\"elementor-element elementor-element-df8e199 elementor-widget elementor-widget-heading\" data-id=\"df8e199\" data-element_type=\"widget\" data-e-type=\"widget\" data-widget_type=\"heading.default\">\n\t\t\t\t<div class=\"elementor-widget-container\">\n\t\t\t\t\t<h3 class=\"elementor-heading-title elementor-size-default\">EN CASO DE NO CUMPLIR CON ESTAS CONDICIONES QUEDAN AUTOM\u00c1TICAMENTE EXCLUIDOS DE LA POSTULACI\u00d3N. \n<\/h3>\t\t\t\t<\/div>\n\t\t\t\t<\/div>\n\t\t\t\t<div class=\"elementor-element elementor-element-31f7e2c elementor-widget elementor-widget-text-editor\" data-id=\"31f7e2c\" data-element_type=\"widget\" data-e-type=\"widget\" data-widget_type=\"text-editor.default\">\n\t\t\t\t<div class=\"elementor-widget-container\">\n\t\t\t\t\t\t\t\t\t<p><span style=\"font-weight: 400;\">Para m\u00e1s detalles consultar el <\/span><a href=\"https:\/\/aaifq.org\/premios\/premio-mejores-posters\/\"><span style=\"font-weight: 400;\">Reglamento.<\/span><\/a><\/p>\t\t\t\t\t\t\t\t<\/div>\n\t\t\t\t<\/div>\n\t\t\t\t\t<\/div>\n\t\t\t\t<\/div>\n\t\t<div class=\"elementor-element elementor-element-468a09b e-flex e-con-boxed e-con e-parent\" data-id=\"468a09b\" data-element_type=\"container\" data-e-type=\"container\">\n\t\t\t\t\t<div class=\"e-con-inner\">\n\t\t\t\t<div class=\"elementor-element elementor-element-f1e5561 elementor-widget elementor-widget-text-editor\" data-id=\"f1e5561\" data-element_type=\"widget\" data-e-type=\"widget\" data-widget_type=\"text-editor.default\">\n\t\t\t\t<div class=\"elementor-widget-container\">\n\t\t\t\t\t\t\t\t\t<p><b>Aclaraci\u00f3n:<\/b><span style=\"font-weight: 400;\"> dado que el XXIV Congreso Argentino de Fisicoqu\u00edmica y Qu\u00edmica Inorg\u00e1nica se desarrollar\u00e1 de manera virtual, los postulantes a este premio ser\u00e1n informados oportunamente sobre la modalidad de entrevista\/evaluaci\u00f3n que llevar\u00e1 a cabo el Comit\u00e9 Cient\u00edfico.<\/span><\/p><p><span style=\"font-weight: 400;\">Consultas: <\/span><a href=\"mailto:consultas.cafqi2025@gmail.com\"><span style=\"font-weight: 400;\">consultas.cafqi2025@gmail.com <\/span><\/a><span style=\"font-weight: 400;\">\u2013 Comit\u00e9 Organizador XXII CAFQI.<\/span><\/p>\t\t\t\t\t\t\t\t<\/div>\n\t\t\t\t<\/div>\n\t\t\t\t\t<\/div>\n\t\t\t\t<\/div>\n\t\t<div class=\"elementor-element elementor-element-672ebfb e-flex e-con-boxed e-con e-parent\" data-id=\"672ebfb\" data-element_type=\"container\" data-e-type=\"container\">\n\t\t\t\t\t<div class=\"e-con-inner\">\n\t\t\t\t<div class=\"elementor-element elementor-element-754a6e3 elementor-widget elementor-widget-heading\" data-id=\"754a6e3\" data-element_type=\"widget\" data-e-type=\"widget\" data-widget_type=\"heading.default\">\n\t\t\t\t<div class=\"elementor-widget-container\">\n\t\t\t\t\t<h4 class=\"elementor-heading-title elementor-size-default\">Las \u00e1reas tem\u00e1ticas del Congreso que ser\u00e1n premiadas son:<\/h4>\t\t\t\t<\/div>\n\t\t\t\t<\/div>\n\t\t\t\t<div class=\"elementor-element elementor-element-847933f elementor-widget elementor-widget-text-editor\" data-id=\"847933f\" data-element_type=\"widget\" data-e-type=\"widget\" data-widget_type=\"text-editor.default\">\n\t\t\t\t<div class=\"elementor-widget-container\">\n\t\t\t\t\t\t\t\t\t<p><b>A. Biofisicoqu\u00edmica:<\/b>Bioinorg\u00e1nica, Sistemas Mim\u00e9ticos, Sistemas Organizados, Surfactantes.<\/p><p><b>B. Qu\u00edmica Inorg\u00e1nica:<\/b><span> Compuestos Covalentes, Compuestos de Coordinaci\u00f3n y Compuestos Organomet\u00e1licos.<\/span><\/p><p><b>C. Fisicoqu\u00edmica en los Procesos Tecnol\u00f3gicos y Termodin\u00e1mica:<\/b><span> Tecnolog\u00eda, Equilibrio,Fen\u00f3menos de Transporte, Estabilidad.<\/span><\/p><p><b>D. Fisicoqu\u00edmica de Nanopart\u00edculas y Nanotecnolog\u00eda:<\/b><span> Coloides, Nanoestructuras, Autoensamblado, Nanopart\u00edculas Met\u00e1licas, Nanopart\u00edculas Polim\u00e9ricas, Aplicaciones.<\/span><\/p><p><b>E. Mecanismos de Reacciones Qu\u00edmicas y Fotoqu\u00edmicas:<\/b><span> Reacciones Homog\u00e9neas Gaseosas y en Soluci\u00f3n.<\/span><\/p><p><b>F. Qu\u00edmica de Superficies e Interfases:<\/b><span> Adsorci\u00f3n, Cat\u00e1lisis.<\/span><\/p><p><b>G. Electroqu\u00edmica:<\/b><span> Molecular, Electrocat\u00e1lisis, Corrosi\u00f3n, Electroan\u00e1lisis.<\/span><\/p><p><b>H. Qu\u00edmica Te\u00f3rica y Computacional:<\/b><span> Modelado y Simulaciones Computacionales.<\/span><\/p><p><b>I. Fisicoqu\u00edmica de Materiales:<\/b><span> Pol\u00edmeros, Biomateriales, Cer\u00e1micos, Composite.<\/span><\/p>\t\t\t\t\t\t\t\t<\/div>\n\t\t\t\t<\/div>\n\t\t\t\t\t<\/div>\n\t\t\t\t<\/div>\n\t\t\t\t<\/div>\n\t\t","protected":false},"excerpt":{"rendered":"<p>Premio \u201cMEJORES PRESENTACIONES EN CAFQI POR J\u00d3VENES INVESTIGADORES\u201d Se podr\u00e1 postular al Premio en el formulario de inscripci\u00f3n. Convocatoria La realizaci\u00f3n del Congreso Argentino de Fisicoqu\u00edmica y Qu\u00edmica Inorg\u00e1nica persigue, entre otros objetivos, promover la participaci\u00f3n de j\u00f3venes investigadores en todas las disciplinas vinculadas con la Fisicoqu\u00edmica y la Qu\u00edmica Inorg\u00e1nica. Por ello, para incentivar [&hellip;]<\/p>\n","protected":false},"author":1,"featured_media":314,"parent":0,"menu_order":0,"comment_status":"closed","ping_status":"closed","template":"","meta":{"_acf_changed":false,"footnotes":""},"class_list":["post-1045","page","type-page","status-publish","has-post-thumbnail","hentry"],"acf":[],"_links":{"self":[{"href":"https:\/\/cafqi2025.uncoma.edu.ar\/index.php\/wp-json\/wp\/v2\/pages\/1045","targetHints":{"allow":["GET"]}}],"collection":[{"href":"https:\/\/cafqi2025.uncoma.edu.ar\/index.php\/wp-json\/wp\/v2\/pages"}],"about":[{"href":"https:\/\/cafqi2025.uncoma.edu.ar\/index.php\/wp-json\/wp\/v2\/types\/page"}],"author":[{"embeddable":true,"href":"https:\/\/cafqi2025.uncoma.edu.ar\/index.php\/wp-json\/wp\/v2\/users\/1"}],"replies":[{"embeddable":true,"href":"https:\/\/cafqi2025.uncoma.edu.ar\/index.php\/wp-json\/wp\/v2\/comments?post=1045"}],"version-history":[{"count":69,"href":"https:\/\/cafqi2025.uncoma.edu.ar\/index.php\/wp-json\/wp\/v2\/pages\/1045\/revisions"}],"predecessor-version":[{"id":1733,"href":"https:\/\/cafqi2025.uncoma.edu.ar\/index.php\/wp-json\/wp\/v2\/pages\/1045\/revisions\/1733"}],"wp:featuredmedia":[{"embeddable":true,"href":"https:\/\/cafqi2025.uncoma.edu.ar\/index.php\/wp-json\/wp\/v2\/media\/314"}],"wp:attachment":[{"href":"https:\/\/cafqi2025.uncoma.edu.ar\/index.php\/wp-json\/wp\/v2\/media?parent=1045"}],"curies":[{"name":"wp","href":"https:\/\/api.w.org\/{rel}","templated":true}]}}